9.
19
Let u = 7212 - -10233. Calculate the highest common divisor of u and 15.
15
Let y be 15 - (-3 + 20 + -15). Suppose 2*r + 4 = -6, -h - 3*r - 2 = 0. What is the highest common factor of y and h?
13
Let h(i) = 21*i - 18. Let g be h(2). Suppose -g*t + 87 = -21*t. Calculate the highest common factor of 29 and t.
29
Let s(m) = -45 + 29*m + 29 - 1 - 4*m - m**2 - 37. Suppose -3*y + 24 + 42 = 0. Let z be s(y). Calculate the greatest common factor of 8 and z.
4
Let u = -7664 - -7670. Calculate the greatest common divisor of 412 and u.
2
Let s(t) = -389*t + 1493. Let d be s(-2). Calculate the greatest common divisor of d and 9.
3
Suppose -4*h - 1572 = -4*y, h + 2*y + 411 = -3*y. Let a = -387 - h. What is the highest common factor of 117 and a?
9
Let l(y) = -7*y - 144. Let a be l(7). Let n = 263 + a. What is the greatest common factor of 35 and n?
35
Let p = 1968 - -457. What is the greatest common factor of 25 and p?
25
Suppose -3*l + 163 = -7*l + 743. Calculate the greatest common factor of 2465 and l.
145
Let y be ((-44)/(0 + -2))/(14/112). Calculate the greatest common divisor of 9944 and y.
88
Suppose -8*x = -40, -5*w + 130 = 4*x - 340. Calculate the highest common factor of 14 and w.
2
Suppose 61110 = -93*p - 33*p. Let i be 14 + (-656)/48 - p/3. Let s(m) = -2*m. Let j be s(-3). What is the greatest common factor of i and j?
6
Suppose -89*a - 446419 = -470627. Let z = -103 + 154. Calculate the highest common divisor of a and z.
17
Suppose -239*m + 234*m = -4*k + 3298, k - 3*m - 814 = 0. Calculate the highest common divisor of 320 and k.
64
Let m be ((-3)/(-27)*-2)/((-2)/18). Let j(n) = 0*n - 5 - 14*n + 2*n + 2*n**m. Let s be j(7). Calculate the greatest common factor of 72 and s.
9
Suppose -x + 304 = 2*z, 0 = 4*x + 7 + 9. Let l = 2602 - 2580. What is the highest common divisor of z and l?
22
Let u(n) = n**3 - 41*n**2 + 151*n - 48. Let h be u(37). What is the greatest common factor of h and 144?
9
Let f(t) = -t**3 - t**2 - 3*t - 3. Let x be f(-2). Let r be 5456/64 - (0 + 15/12). Calculate the highest common divisor of r and x.
7
Suppose 0 = m - 2 - 1, 0 = -4*n + 4*m + 92. Let h = 5599 + -5560. Calculate the greatest common factor of h and n.
13
Let i(g) = 216*g - 804. Let w be i(4). What is the greatest common factor of w and 405?
15
Let m be 11/(44/8)*(-550)/(-4). Let x(v) = v**3 - 12*v**2 + 12*v + 14. Let g = -25 + 36. Let w be x(g). Calculate the highest common factor of w and m.
25
Let r(j) = 26*j**2 + 86*j + 58. Let z be r(14). What is the highest common factor of 34 and z?
34
Suppose -22080 = -38*d + 12*d + 6*d. Calculate the highest common divisor of 168 and d.
24
Let d = -16426 + 16569. Calculate the greatest common divisor of 1261 and d.
13
Let x(f) = -17*f + 64. Let k be x(0). Suppose 5*s = -5*i + 155, -2*i + s = 5*s - k. Calculate the greatest common factor of 210 and i.
30
Let w be 118/826 + (-11912)/(-14). Calculate the highest common divisor of 111 and w.
37
Let x be ((-2)/3*-6)/(18/171). Suppose -18 = -8*d + x. Suppose 0 = i + 2*i - 84. What is the highest common factor of i and d?
7
Let x be 1323/18 + -10 + 2/4 + 1. Suppose -468 = -4*t - 0*t. Calculate the highest common factor of x and t.
13
Let t be (-3)/6*4 - (-116 - 0). Suppose -2*x - 82 = 3*o + 3*x, 3*o = 3*x - t. Let i = 54 + o. Calculate the highest common divisor of 10 and i.
10
Let v = 1949 - 1397. Calculate the highest common factor of 598 and v.
46
Suppose 5*t + 2*g = 594, -39 + 54 = -5*g. Calculate the greatest common factor of 280 and t.
40
Let x = -1622 - -1778. Let o be 17/34*(23 - -1). What is the highest common factor of x and o?
12
Suppose -5*d + 9*i + 7401 = 0, 3*i - 337 - 1172 = -d. Calculate the highest common divisor of 21 and d.
21
Let z(k) = 24*k. Let h be z(3). Suppose -32 = -2*i + 2*v, -2*i - i + 16 = 5*v. What is the highest common divisor of i and h?
12
Suppose -22*y - 30 = -27*y + 5*o, -2*o = 3*y - 38. What is the greatest common factor of y and 394?
2
Suppose 0 = 19*p - 17*p - 28. Let h be -1 + 0 + 3/(-9)*-717. Calculate the highest common factor of h and p.
14
Suppose -3*q = -2*o - 234, o + 153 = 2*q + 37. Let z be ((-15)/6)/(50/o). Calculate the highest common divisor of 228 and z.
6
Suppose -4*c + 572 = 1652. Let r be (-1)/(-7) - c/70. Suppose r*j = 2*p - 132, j - 62 = -p - j. Calculate the greatest common divisor of p and 160.
32
Let x be (76 + 0)/(12/42). Let m = -165 + x. Let w = 160 + m. Calculate the highest common factor of w and 29.
29
Let h(y) = -3*y**2 - 36*y - 28. Let r be h(-8). Suppose 0 = -67*z + r*z - 28. Calculate the highest common factor of 8 and z.
4
Let s(u) = -8*u + 6. Let j be s(-6). Suppose 2*k + j = -k. Let h be 32/144 + (-50)/k. Calculate the highest common factor of 1 and h.
1
Let g = -254 + 474. Suppose 9*m - 7*m - g = 0. Suppose 0 = x - 5*z - 17, -10 + 49 = 2*x - 5*z. Calculate the greatest common divisor of x and m.
22
Let p be (272/34)/(4/10). What is the greatest common factor of 3860 and p?
20
Let b(k) = -4*k**3 - 3*k**2 + 2*k + 4. Let i be b(-2). Suppose 5*x + u + u = 52, 0 = x - 2*u - i. What is the greatest common divisor of 96 and x?
12
Suppose -2*m - 4*r + 84 = 0, m = 3*r + 5 + 32. Suppose 0*v - 575 = -2*v - 5*a, -3*v + 3*a + 831 = 0. What is the highest common divisor of m and v?
40
Let s be 51/6*(-1 + 3). Let o = 0 + s. Let j be (10 - 7)/((3/(-17))/(-3)). What is the greatest common factor of o and j?
17
Let b be (9*4)/(4*3/72). Suppose -b - 594 = -3*m. Suppose 5*y - m = -y. What is the greatest common divisor of 15 and y?
15
Let t be (18/(-7))/((-2)/(-105)*-5). What is the greatest common divisor of t and 225?
9
Suppose -4*y = 5*s - 1, 0*s + s = 5*y - 23. Suppose 2*n = -y + 14. Suppose 0*l - 8 = -n*p - 4*l, 4*l + 4 = -2*p. What is the highest common divisor of 10 and p?
2
Suppose 0 = -11*c + 1194 + 3162. Calculate the highest common factor of c and 288.
36
Suppose 0 = 4*r + 136*n - 134*n - 80644, -r + 20154 = -3*n. What is the highest common divisor of 168 and r?
168
Let d(n) = -n**3 - 16*n**2 - 61*n - 18. Let o be d(-19). Calculate the greatest common factor of o and 417.
139
Let j(r) = 36*r**2 + 1653*r + 1641. Let w be j(-1). Suppose -1640 = -10*c + 5*c. Calculate the greatest common factor of c and w.
8
Let b be 710/3*(97 - 82). Calculate the greatest common factor of 50 and b.
50
Let a(b) = 1167*b**2 - 242*b - 974. Let n be a(-4). Calculate the greatest common factor of 61 and n.
61
Let p(a) = 2*a**2 + 86*a + 518. Let o be p(-36). Let v be (-63)/(1/(-2) - 0). What is the highest common divisor of o and v?
14
Let m be 3/8 - (-63)/24. Let q be ((-418)/4)/(m/(-6)). Suppose -2*t = -2*h + 10 + 26, -3*h + 53 = -4*t. Calculate the highest common divisor of h and q.
19
Let n be ((-2268)/10)/3*(-30)/4. Let s(m) = m**3 - 14*m**2 + 7*m - 77. Let c be s(14). Calculate the greatest common factor of c and n.
21
Let q be 9 - (-1 - 26727)/8. Calculate the greatest common divisor of 402 and q.
134
Let y(v) = -20*v**2 + 302*v - 5. Let z be y(15). What is the highest common divisor of 3200 and z?
25
Let g(x) = -x**2 + 22*x + 35. Let t be g(23). Let s be (1 + 8)*(1 + t/1). Suppose -120*d + s*d + 12 = 0. What is the highest common factor of 68 and d?
4
Suppose 829*c - 32239 = 42371. Calculate the highest common divisor of c and 8390.
10
Suppose a = -7 - 10. Let y = 22 + a. Suppose 24 = y*d - 4*b - 156, 3*b + 111 = 3*d. Calculate the greatest common divisor of 32 and d.
32
Let z(j) = -j**2 + 10*j - 22. Let i be z(6). Suppose 0 = 3*d - 2*s - 3*s - 505, 168 = d - i*s. What is the highest common factor of 70 and d?
10
Suppose -4*w + 149 = 5*l, 89 = 4*l + 85. Let g be (w/15)/((-10)/(-75)). What is the highest common divisor of 222 and g?
6
Let d be -11*(-2)/(-3) + (-1)/(-3). Let b be (1 + d + 5)/(2/(-6)). Suppose a = -3*m + 243 + 90, b*m - 348 = 4*a. What is the greatest common factor of 7 and m?
7
Let o = -7436 + 9568. What is the greatest common divisor of o and 572?
52
Let q(r) = -r - 15. Let m be q(0). Let l(g) = 2*g**2 + 21*g + 5. Let f be l(m). Calculate the highest common factor of f and 350.
70
Let d = 647 - 645. Suppose -189 = -d*l + 3*p, -l + 3*l - 193 = -p. Calculate the greatest common divisor of 32 and l.
32
Let j be (268/16)/(61/27816). What is the highest common divisor of j and 76?
38
Let h = 5355 + -5304. Wha